 671584358.
2, 335792179
What are the prime factors of 91008472?
2, 11376059
List the prime factors of 63841.
63841
What are the prime factors of 2566841646?
2, 3, 1259, 339799
List the prime factors of 2706532710.
2, 3, 5, 7, 19, 678329
What are the prime factors of 116222321?
116222321
What are the prime factors of 23487789?
3, 13, 46327
What are the prime factors of 14115029?
41, 344269
List the prime factors of 2867153102.
2, 11, 1487, 87643
What are the prime factors of 28245814?
2, 613, 23039
List the prime factors of 72691985.
5, 67, 216991
List the prime factors of 305112417.
3, 101704139
What are the prime factors of 319512906?
2, 3, 139, 127703
List the prime factors of 4065266578.
2, 6301, 322589
What are the prime factors of 324733389?
3, 19, 23, 67, 3697
List the prime factors of 6805826086.
2, 23, 7039, 21019
What are the prime factors of 30689674?
2, 19, 103, 7841
What are the prime factors of 2936330096?
2, 7, 191, 19609
List the prime factors of 2640321958.
2, 97, 139, 179, 547
What are the prime factors of 560277735?
3, 5, 4793, 7793
List the prime factors of 1472758130.
2, 5, 41, 557, 6449
What are the prime factors of 317132303?
23, 13788361
What are the prime factors of 7327264298?
2, 3793, 965893
What are the prime factors of 71811955?
5, 14362391
List the prime factors of 122642900.
2, 5, 23, 53323
What are the prime factors of 483506360?
2, 5, 1259, 9601
List the prime factors of 44234642.
2, 73, 302977
What are the prime factors of 71170131?
3, 23723377
List the prime factors of 1953084919.
1953084919
What are the prime factors of 545205925?
5, 11, 1982567
List the prime factors of 933041816.
2, 7, 19, 673, 1303
What are the prime factors of 30392172?
2, 3, 19, 4937
List the prime factors of 6687522.
2, 3, 41281
What are the prime factors of 469638709?
181, 2594689
List the prime factors of 113232142.
2, 2897, 19543
What are the prime factors of 2198932?
2, 549733
List the prime factors of 297908186.
2, 101, 1474793
What are the prime factors of 530624124?
2, 3, 14739559
List the prime factors of 1593253293.
3, 2381, 223051
What are the prime factors of 1987991068?
2, 7, 70999681
List the prime factors of 6689741493.
3, 2229913831
List the prime factors of 2628721108.
2, 13, 50552329
List the prime factors of 86243424.
2, 3, 898369
What are the prime factors of 48258242?
2, 701, 34421
List the prime factors of 5358430904.
2, 719, 931577
What are the prime factors of 167068483?
167068483
What are the prime factors of 476936430?
2, 3, 5, 61, 79, 3299
List the prime factors of 125971803.
3, 41, 487, 701
What are the prime factors of 2954511042?
2, 3, 7, 73, 211, 4567
What are the prime factors of 78942241?
7, 11277463
What are the prime factors of 746260468?
2, 3877, 48121
What are the prime factors of 737634185?
5, 149, 349, 2837
What are the prime factors of 103071399?
3, 3643, 9431
What are the prime factors of 48759613?
7, 113, 61643
What are the prime factors of 1608460722?
2, 3, 11, 1697, 4787
What are the prime factors of 231923169?
3, 101, 28349
What are the prime factors of 438100793?
13, 33700061
What are the prime factors of 143378860?
2, 5, 7168943
List the prime factors of 358437475.
5, 11, 1303409
What are the prime factors of 606169341?
3, 613, 109873
List the prime factors of 42582696.
2, 3, 13, 136483
List the prime factors of 583772700.
2, 3, 5, 7, 179, 1553
List the prime factors of 1563280148.
2, 29, 137, 98369
What are the prime factors of 76305955?
5, 11, 53, 26177
List the prime factors of 2013547079.
107, 397, 443
List the prime factors of 2024117425.
5, 11, 59, 124753
List the prime factors of 50041607.
7, 11, 41, 131
What are the prime factors of 1285472139?
3, 7, 23, 41, 139, 467
What are the prime factors of 56305785?
3, 5, 17, 220807
List the prime factors of 75909270.
2, 3, 5, 2530309
List the prime factors of 1060662427.
11, 31, 269, 373
What are the prime factors of 1495480585?
5, 23, 773, 16823
What are the prime factors of 1699701411?
3, 19, 3803, 7841
List the prime factors of 69687768.
2, 3, 2903657
What are the prime factors of 2228062071?
3, 43, 53, 325883
What are the prime factors of 24157023?
3, 11, 773, 947
What are the prime factors of 1592902133?
37, 43051409
What are the prime factors of 3849779753?
19, 10711, 18917
List the prime factors of 165165746.
2, 19, 4346467
What are the prime factors of 237791457?
3, 23, 109, 1171
What are the prime factors of 471506061?
3, 13, 12089899
List the prime factors of 1172829773.
43, 27275111
What are the prime factors of 844570619?
257, 3286267
List the prime factors of 284809611.
3, 5281, 17977
What are the prime factors of 1901566600?
2, 5, 9507833
List the prime factors of 70859311.
467, 151733
What are the prime factors of 103104906?
2, 3, 19, 23, 39323
List the prime factors of 408461065.
5, 41, 1992493
What are the prime factors of 150329082?
2, 3, 25054847
What are the prime factors of 73839614?
2, 23, 1605209
List the prime factors of 1109099540.
2, 5, 19, 173, 16871
What are the prime factors of 296522307?
3, 97, 339659
What are the prime factors of 143216853?
3, 13, 163, 1733
What are the prime factors of 606682207?
41, 14797127
List the prime factors of 878286546.
2, 3, 883, 55259
List the prime factors of 751626541.
43, 17479687
What are the prime factors of 4330174954?
2, 7, 47, 6580813
List the prime factors of 4688452798.
2, 43, 54516893
What are the prime factors of 308008834?
2, 7, 79, 278489
What are the prime factors of 10373306?
2, 89, 101, 577
List the prime factors of 487506883.
19, 2017, 12721
What are the prime factors of 474577115?
5, 94915423
List the prime factors of 154831116.
2, 3, 11, 29, 3677
What are the prime factors of 7979817497?
47, 6547, 25933
What are the prime factors of 160246988?
2, 11, 19, 103, 1861
List the prime factors of 4489583911.
181, 24804331
What are the prime factors of 505091523?
3, 23, 163, 44909
List the prime factors of 2105041.
37, 56893
What are the prime factors of 13619125?
5, 13, 17, 29
What are the prime factors of 59246088?
2, 3, 11, 17, 43, 307
What are the prime factors of 1560669605?
5, 11, 1753, 16187
What are the prime factors of 1029621612?
2, 3, 85801801
List the prime factors of 2113468136.
2, 13, 1429, 14221
List the prime factors of 2167371413.
683, 3173311
What are the prime factors of 410608760?
2, 5, 97, 1091
What are the prime factors of 201094984?
2, 25136873
What are the prime factors of 234028368?
2, 3, 7, 232171
List the prime factors of 7202263868.
2, 1013, 1777459
What are the prime factors of 2843415761?
809, 3514729
What are the prime factors of 791534991?
3, 13, 1561213
What are the prime factors of 1166771455?
5, 17, 13726723
List the prime factors of 882825063.
3, 19, 1471, 10529
List the prime factors of 308119387.
37, 41, 101, 2011
What are the prime factors of 94103244?
2, 3, 2613979
What are the prime factors of 89215364?
2, 7, 3186263
List the prime factors of 424936073.
563, 754771
What are the prime factors of 1697947409?
1697947409
List the prime factors of 332023852.
2, 149, 557087
What are the prime factors of 624722455?
5, 7, 541, 32993
What are the prime factors of 116814214?
2, 11, 773, 6869
What are the prime factors of 2423189028?
2, 3, 13, 31, 109, 4597
List the prime factors of 1196154219.
3, 13, 2063, 14867
What are the prime factors of 288909444?
2, 3, 24075787
What are the prime factors of 2133098?
2, 11, 96959
What are the prime factors of 173702589?
3, 5927, 9769
What are the prime factors of 29405140?
2, 5, 101, 14557
List the prime factors of 1993949931.
3, 461, 1441757
What are the prime factors of 186756112?
2, 317, 36821
What are the prime factors of 1422234065?
5, 7, 53, 15647
What are the prime factors of 1984305484?
2, 7, 17, 4168709
What are the prime factors of 82530516?
2, 3, 223, 30841
List the prime factors of 18355070.
2, 5, 17, 107971
List the prime factors of 103298125.
5, 7, 3373
What are the prime factors of 256509819?
3, 61, 659, 709
List the prime factors of 1292652053.
7, 11, 16787689
What are the prime factors of 155787902?
2, 113, 163, 4229
What are the prime factors of 4704266952?
2, 3, 7, 11, 17317
What are the prime factors of 268814383?
109, 2466187
What are the prime factors of 4046566722?
2, 3, 11,